 4 - v. What is the tens digit of d?
1
Suppose 0*c + 8 = 2*c. Suppose -1 = j, -3*f + 2*f - c*j = 0. Suppose 0 = l + f, -8 = -2*p + 3*l - 8*l. What is the units digit of p?
4
Let m = -13 + 20. Suppose 0 = -5*v + m + 13. What is the units digit of v?
4
Suppose 5*c - 5 = -0. Let a(u) = 34*u**2 - 1. Let r be a(c). Suppose 5 = -4*w - 3*i + r, -8 = -2*i. What is the units digit of w?
4
Suppose 3*u - l - 80 = 0, 0*l + 100 = 4*u + 2*l. What is the tens digit of 2 + (-12)/4 + u?
2
Suppose 10*g - 957 = -357. What is the tens digit of g?
6
Suppose -5*y + 5 = -4*y. Suppose -4 = -2*a, y*p = -3*a - 0*a + 71. What is the tens digit of p?
1
Let i = -9 - 46. Let m = 100 + i. What is the units digit of m?
5
Let j(d) = -d**2 + 12*d - 15. Let k be j(11). Let o(z) = -2*z - 4. What is the units digit of o(k)?
4
Let v(w) be the third derivative of 3*w**5/5 - w**4/24 - w**3/6 - 6*w**2. What is the tens digit of v(-1)?
3
Let m = 54 + 53. What is the hundreds digit of m?
1
Let v = 7 + 9. Let h be (6/(-8))/1*12. Let o = h + v. What is the units digit of o?
7
Let x = 5 + -1. What is the tens digit of (34/x + 1)*2?
1
Suppose -5*c = -4 - 16. Let w = -20 - -33. Suppose 39 + w = c*t. What is the units digit of t?
3
Suppose 0*q - 3*q = -15. Let u be (6/(-15))/((-1)/q). What is the units digit of 0 + (8 - u - 1)?
5
Suppose z + 3 = 0, 4*z + 262 = -j + 6*j. What is the units digit of j?
0
Suppose 0 = -3*i, 2*p = 2*i + 2*i - 16. Let j = 12 + p. Suppose -j*b + 90 = b. What is the tens digit of b?
1
Suppose 4 = n + x, 3*x - 4*x + 10 = 3*n. Let h(q) = 5*q**2 + 2*q - 6. What is the tens digit of h(n)?
4
Let u(o) = o**2 - 2. Let j = 7 + -4. What is the units digit of u(j)?
7
Let r(l) = 2*l - 14. What is the units digit of r(21)?
8
Let n(u) = u**2 + u - 2. Let k be n(-2). Suppose k = -4*q + 5*q - 49. What is the tens digit of q?
4
Let v(c) = -c**2 - 9*c + 6. What is the units digit of v(-7)?
0
Let q(a) = 4*a**2 + 1. Let r be q(1). Suppose 0 = r*d - 52 - 18. What is the tens digit of d?
1
Let s(h) = -h**2 - 11*h - 5. What is the units digit of s(-9)?
3
Suppose -2*p - 7 = -w, 0*p + p + 6 = w. Let v be (0 - -2) + 0/1. Suppose 5*g + w*j = -3 - v, 3*j + 12 = 0. What is the units digit of g?
3
Let p = 6 + -3. What is the units digit of (3 - (1 + 1)) + p?
4
Let y = 129 - -45. What is the tens digit of y?
7
Let n(q) = -q**3 - 2*q**2 - 4*q - 3. Let v be n(-2). What is the tens digit of (-42)/1*v/(-10)?
2
Let d = 91 - 30. Suppose -3*m = -22 + d. Let n = 18 + m. What is the units digit of n?
5
Let b = 35 - 58. Let p = 48 - 85. Let g = b - p. What is the tens digit of g?
1
Suppose 4*v - 45 = -3*w, w + 9 = -3*v + 29. What is the tens digit of w?
1
Let h(z) = -z - 4. Let w be h(-6). Suppose v - w = 4. What is the units digit of v?
6
Let m = 10 + 28. What is the tens digit of m?
3
Suppose -2*b - 3*b = h + 8, 0 = 5*b + 5. Let n = 6 - h. What is the units digit of n?
9
What is the tens digit of ((-18)/(-4) - 5) + 915/6?
5
Let k(p) = -1 + 2*p**2 - 3 - 6*p + 0. What is the tens digit of k(5)?
1
Let i = -6 + 5. Let h(r) be the second derivative of -7*r**3/6 - r. What is the units digit of h(i)?
7
What is the units digit of ((-12)/(-14))/(6/126)?
8
Let j(o) = 2*o**2 + 2*o - 4. Let r be j(-4). Let f = 35 - r. What is the units digit of f?
5
Let l(b) = -56*b + 6. What is the hundreds digit of l(-2)?
1
Suppose 11*m = 15*m - 176. What is the units digit of m?
4
Suppose 7*b + 4*b - 517 = 0. What is the units digit of b?
7
Suppose 4 + 0 = 2*s. Let b be (-1)/s*4/(-2). What is the units digit of b/(((-1)/(-9))/1)?
9
Let g(f) = -f**3 + 9*f**2 - 7*f + 12. Let r be g(8). Suppose -5*j + 4*j = -r. What is the units digit of j?
0
Let t = 4 - 0. Suppose -2*k + t = -0. Suppose 0 = h + k*r - 8, 32 = 4*h + 2*r - 3*r. What is the units digit of h?
8
Suppose -5*o = -12 - 38. What is the tens digit of (-4)/o*(-65)/1?
2
Let i(l) = -3*l**2 - 3*l + 1. Let o be i(2). Let m = o + 32. What is the units digit of m?
5
Let m = 679 - 398. What is the hundreds digit of m?
2
Let h(j) = -j**3 - 2*j**2 + 2*j + 1. Let u = -5 + 7. Let q be h(u). Let p = 20 + q. What is the units digit of p?
9
Let u = 66 - 24. What is the tens digit of u?
4
Let a = 8 + -3. What is the units digit of a?
5
Let b = -13 - -52. What is the tens digit of b?
3
Let r(i) = -3*i - 15. What is the units digit of r(-16)?
3
Let u = -4 - 0. Let k(f) = 2*f**2 + 6*f + 1. Let n be k(u). Let b = -7 + n. What is the units digit of b?
2
Let g = -1 - 1. Let x = g - -9. What is the units digit of x?
7
Suppose 84 = -15*w + 609. What is the units digit of w?
5
Suppose y + y - 10 = 0. Let a be (3/2)/((-9)/(-24)). Let p = a + y. What is the units digit of p?
9
Let j = -11 + 23. What is the units digit of -57*(-8)/j - 4?
4
Let t = -39 - -27. Suppose -2*s + 12 = n, 0 = 4*s + 6 + 14. Let k = t + n. What is the tens digit of k?
1
What is the units digit of 292/5 + 69/115?
9
Suppose -5 = -v + 10. What is the tens digit of (-15)/6*(-66)/v?
1
Suppose 5*t - 264 = 36. What is the tens digit of t?
6
Let j be (3 - (-1 + 6)) + 1. What is the units digit of (45 - j)*2/4?
3
Let o(k) = k**3 + 8*k**2 + 4*k - 3. Let f be 21*(-3)/(-18)*-2. What is the tens digit of o(f)?
1
What is the tens digit of (93/8*-2)/((-17)/136)?
8
Let p = 48 + 49. What is the tens digit of p?
9
Let y be 136/10 - (-4)/10. Let n = -7 + y. What is the units digit of n?
7
Let m = 5 + -11. Let h(d) be the first derivative of -d**4/4 - 5*d**3/3 + 7*d**2/2 + 9*d - 2. What is the units digit of h(m)?
3
Let w be (-10)/3*12/(-10). Let n(p) = p**2 - p - 4. Let j be n(w). Let u = -3 + j. What is the units digit of u?
5
Let o be (-2 - -7)*6/(-15). What is the tens digit of o/7 - (-810)/42?
1
Let j(y) = -2*y**2 + 5*y**2 - 1 + 0*y - y + 0. Let p = 0 + -1. What is the units digit of j(p)?
3
Suppose 4*a = -a + 710. What is the units digit of a?
2
Let n = 17 - -1. What is the tens digit of n?
1
Suppose -2*w + 58 + 58 = 0. Let b = w - 31. What is the units digit of b?
7
What is the tens digit of (-22)/(-33) + (-80)/(-6)?
1
Suppose 26 = -w + 2*w - 4*j, -w - 5*j + 17 = 0. Suppose -k + w = 4*z, -5*k = -4*k - z + 3. What is the units digit of k?
2
Let m = 32 + 11. Suppose 6 = o + 1, -2*u - 5*o = -m. What is the units digit of u?
9
Let s(y) = -2*y - 1. Suppose 0 = 3*m - 3*l + 9, -4*m + 4*l = -m + 7. What is the units digit of s(m)?
9
What is the units digit of (-1*(-2)/2)/((-9)/(-90))?
0
Let t = 5 - -25. What is the units digit of t?
0
Let p(j) be the second derivative of -5*j**3/6 - 2*j**2 - 4*j. What is the tens digit of p(-5)?
2
Suppose -3*t + 2*y = -2, 2*t = 4*y + 6 - 2. Let f = t + 4. Suppose f*q - 13 = 43. What is the units digit of q?
4
Let w(x) = x**3 + 6*x**2 + 6*x + 1. Let y = -2 + -2. What is the units digit of w(y)?
9
Suppose b = 4*t + 40, 10 = t - 2*t + 2*b. Let s be (-36)/t - (-4)/10. Suppose j = -s*j - 5*a + 15, -5*a - 27 = -j. What is the units digit of j?
7
Let z = 89 - 40. What is the tens digit of z?
4
Let y be 9/(-6)*(-8)/6. Let n = 2 + y. Suppose -2*t - n = -6. What is the units digit of t?
1
Let u be (3/(-5))/((-4)/(-60)). What is the tens digit of 484/16 - u/12?
3
Let d = -5 + 9. Let a be -10*(-3 + (-10)/(-4)). Suppose 2*p - 12 = -5*h, -13 = -a*p + d*h + 17. What is the units digit of p?
6
Suppose 4*t - 82 = 2*v, 0 = -4*t - 3*v + 129 - 42. What is the units digit of 5*(3 - t/15)?
8
Suppose -2*x = x - 4*v - 142, 3*x - 2*v - 140 = 0. What is the tens digit of x?
4
Let o(t) = -t**3 + 8*t**2 + t - 3. Let b = 2 - 2. Suppose 0 = -2*d - b*d + 16. What is the units digit of o(d)?
5
Let j(m) = -3*m + 1. Let w be j(3). Let s = -2 - w. What is the units digit of s?
6
Suppose 5*h - 8 - 17 = 0. Suppose 2*f = t - h*t + 28, -2*f = -4*t - 4. What is the units digit of f?
8
Suppose 2*m + 10 - 40 = 0. Let p be m - (3 - 3 - 2). Let g = 26 - p. What is the units digit of g?
9
Suppose -5*r - 4*w = -5*w - 13, 5*r + 4*w = -2. Let q be 2/10 + (-342)/(-15). Suppose -r = y - q. What is the units digit of y?
1
Let a = -9 + 25. What is the units digit of a?
6
Suppose 2*o - 6 = -2. What is the tens digit of o - ((-4)/(-2) - 27)?
2
Suppose 39 = -4*l - w + 271, -4*l = -2*w - 220. What is the tens digit of l?
5
Suppose 5*t = 5*s + 1248 - 358, 3*s = -9. What is the hundreds digit of t?
1
Suppose 5 = n - 2. Let s(z) = -z**3 - 7*z**2 + 8*z + 3. Let t be s(-8